**3 - 3*i**2 + 2*i - 3. Let y be h(-3). Suppose 0 = 5*s - 3*v - 1271 - 1282, -3*s = 3*v - 1503. Let l = s - y. List the prime factors of l.
3, 5, 11
Suppose -5*v = -5*a - 285, 0 = 5*v + 3*a - 205 - 120. Suppose v*h - 7712 = 46*h. What are the prime factors of h?
2, 241
Let d(h) = -5*h**3 - 7*h**2 - 33*h - 51. What are the prime factors of d(-13)?
2, 5, 509
Suppose 13*s - 17*s = -16. Let v(z) = -z - 4*z - 2*z**2 - 2*z + s*z**2 - 3. What are the prime factors of v(-3)?
2, 3
Suppose 4*a + 8 = 0, -2*a = -c + 2 + 6. Suppose -12 = -2*d - 4, c*i + 3*d + 112 = 0. Let w = 39 - i. List the prime factors of w.
2, 5, 7
Let n(j) = 17 - 43*j + 5 + 14*j. Let r(w) = -28*w + 22. Let i(t) = -3*n(t) + 4*r(t). What are the prime factors of i(-7)?
197
Suppose v - 5 = -2*r + 19, -12 = -r - 2*v. Let x(m) = -m**3 + 12*m**2 + 6*m + 16. What are the prime factors of x(r)?
2, 11
Suppose 36 = -99*t + 117*t. Suppose -575 = -d - 5*g, -t*d + g = 6*g - 1145. List the prime factors of d.
2, 3, 5, 19
Let x(v) = -v**3 - v**2 - 2*v + 6. Let j be x(-5). Let s = 225 - 201. Let h = j + s. List the prime factors of h.
2, 5, 7
Let c(k) = -k**2 + 16*k - 4. Let n(i) = i**2 + i + 9. Suppose 0 = -2*p + 3*p + 3*p. Let a be n(p). List the prime factors of c(a).
59
Suppose 3*h = 3*f + 150, 15 + 183 = 4*h - 2*f. Suppose 3*p = i - h, -154 - 29 = -4*i - p. Let t = 136 - i. What are the prime factors of t?
2, 3, 5
Let y(a) be the third derivative of a**4/24 + 10*a**3/3 - 17*a**2. Let m be y(-6). Suppose -5*d - 522 = -m*d. What are the prime factors of d?
2, 29
Let y(i) = -209*i + 282*i + 1 + 245*i. List the prime factors of y(1).
11, 29
List the prime factors of (-2740314)/(-59) - 18*(-6)/(-9).
2, 3, 71, 109
Suppose -219 - 721 = -4*v + 4*l, -940 = -4*v - 5*l. Suppose -2*g = v - 609. Suppose 0 = 3*p - o + 6*o - g, -4*o = -3*p + 142. List the prime factors of p.
2, 3
Suppose 5*r - 4213 = -b, -b + 6*b = r - 853. Suppose 3*n - 480 - r = -3*a, n = -5*a + 453. List the prime factors of n.
2, 3, 73
Let f(k) = -2*k - 8. Let q be f(-6). Suppose 0 = -4*w - q*z + 1848, 0 = 4*w - 6*w + 5*z + 945. List the prime factors of w.
3, 5, 31
Let g(q) = q**2 + q - 119. Let i be g(-12). Suppose 0 = -2*w - 5*r + 2585, i*w = 8*w - 3*r + 6434. What are the prime factors of w?
5, 257
Let h be ((-168)/(-96))/(2/(-8)). Let j(x) = x**3 + 9*x**2 - 4*x - 9. Let v be j(h). Let i = v - 26. What are the prime factors of i?
7, 13
Suppose -5*c = 15, -4*m = -4*c + 5*c - 11689. Suppose 2657 = 12*f - m. What are the prime factors of f?
3, 5, 31
Let t = -1 - -10. Suppose t*k - 35*k = -14768. What are the prime factors of k?
2, 71
Let j(a) = a**3 + 9*a**2 - 11*a + 4. Let h be j(-8). Let q = 1 + 3. Suppose -4*t = 4*b - b - h, -56 = -2*t + q*b. What are the prime factors of t?
2, 3
Suppose -27*g + 18*g + 10701418 = 173*g. List the prime factors of g.
13, 4523
Suppose y = -5*h + 602, -4*h + 3827 - 880 = 5*y. Let t = y - 370. List the prime factors of t.
7, 31
Suppose -1307855 = -72*v - 585216 + 1784617. What are the prime factors of v?
97, 359
Let z = -13508 - -23519. List the prime factors of z.
3, 47, 71
Suppose l - 5*f = 14, -2 = -2*l + 2*f + 2. Let m be -1 + l + 5 + -6. List the prime factors of m + 1458/33 - 2/11.
41
Suppose -112*w - 3*a = -115*w - 27, -5*w + 3*a = 31. Let s be (-32)/(-18) + (-2)/(-9). What are the prime factors of (-238)/(-2)*s + (-1 - w)?
239
Let o = -4474 - -18863. List the prime factors of o.
14389
Suppose 0 = 4*t + u - 26, 5*t + 10*u - 11*u - 28 = 0. What are the prime factors of ((-14)/(-16)*t)/((-33)/(-5368))?
2, 7, 61
Let k be 108/(-5) + (-3)/(-5). Suppose -4*g + 5*d + 300 + 108 = 0, -5*g - 3*d + 473 = 0. Let v = g + k. List the prime factors of v.
2, 19
Let v = 24264 + -14530. What are the prime factors of v?
2, 31, 157
Let a(y) = 196*y + 13388. What are the prime factors of a(-61)?
2, 179
Suppose 0 = 16*b - 15*b - 4. Suppose n = -q + 4*q - 11, -2*q - b = 0. What are the prime factors of (-5)/10 + n/(-2)?
2
Let i(k) = -2*k**3 + 44*k**2 - 4*k - 49. What are the prime factors of i(-12)?
9791
Suppose -3*n - 9 = 0, a - 351 = -2*a - 2*n. Suppose 0 = -3*k + a + 121. Let s = k - 52. List the prime factors of s.
2, 7
Let t(s) = -s**3 + 18*s**2 - s + 18. Let a be t(18). Suppose 2*m + 1 + 1 = a. What are the prime factors of (-9)/(-3) + (-9)/m?
2, 3
Suppose 797*w + 13986 = 818*w. List the prime factors of w.
2, 3, 37
Let k = 89 + -49. Let u = k - 33. Suppose 0*m - u*m = -364. List the prime factors of m.
2, 13
Let a be 18/(-33) + (-168)/(-66). Suppose -3*r - 2*x = -2503, -r - a*x = -0*x - 833. What are the prime factors of r?
5, 167
Let u(b) = 6*b**2 + 145*b + 19. List the prime factors of u(45).
2, 13, 719
Let x(p) = 2*p**3 + 4*p**2 - 13*p + 13. Let j be x(-9). Let c = j + 1812. List the prime factors of c.
2, 101
Let x(u) = 2*u + 8. Let p be x(0). Let o be (-6 + 13/2)*102*p. Let h = -280 + o. List the prime factors of h.
2
Let h(n) = -n**3 + n + 4. Let r be h(0). Suppose r*s + 234 = -538. Let a = -91 - s. What are the prime factors of a?
2, 3, 17
Let p = 72 - 132. Let o be (p/40)/(1/(-290)). Suppose -o = -5*z - 0*z. What are the prime factors of z?
3, 29
Suppose -g + 4*g - 5*l + 92 = 0, 117 = -4*g + l. Let d = g + 45. Let c = 115 + d. List the prime factors of c.
131
Let j = 147 - 73. Let d = 46 + j. Suppose o = 3*o - d. List the prime factors of o.
2, 3, 5
Let i(s) = -s**2 + 3*s. Let j be i(21). Let l = -209 - j. List the prime factors of l.
13
Let b = -78 + 84. Let a be 1/(b/1647)*-2. What are the prime factors of a/(-5) + 4 - 2/(-10)?
2, 3, 19
Suppose -2*t + 2*h = 82, -h - 4*h - 155 = 3*t. Let g = -106 + 76. What are the prime factors of t/g*202/3?
101
Suppose 2*t + 2*q + 6 = 6*q, -29 = -2*t - 3*q. Let p(f) = -3 + 10*f - 4 + t - 6. What are the prime factors of p(7)?
2
Let j be (94/8)/((-6)/24). Let c = -51 - j. What are the prime factors of c/16 + (-354)/(-8)?
2, 11
Let z(g) = g**3 + g - 5. Let m be z(0). Let d(f) = f**2 - 15*f + 9. Let j(x) = 7*x - 4. Let i(a) = 4*d(a) + 9*j(a). List the prime factors of i(m).
5, 17
Suppose 7*k = -0*k + 28. Suppose 2*q - 30 = -k*q. Suppose 0 = 3*t + t + 3*a - 345, q*a + 266 = 3*t. What are the prime factors of t?
3, 29
Let p(x) = -31*x + 377. Let m be p(15). Suppose -4*y + b - 170 = -4*b, -6 = 3*b. Let z = y - m. What are the prime factors of z?
43
List the prime factors of (296/10)/(11 - (-175104)/(-15920)) + 7.
89, 331
What are the prime factors of 18084 - 0 - (-742)/53?
2, 9049
Let z(w) = 4*w**2 - 24*w - 2. Suppose 5*f = 25, f + f = 2*r + 24. What are the prime factors of z(r)?
2, 181
Let v(c) = 0*c - 179 + 41 - 7*c. What are the prime factors of v(-22)?
2
Let t(z) = -103*z**2 + 18*z + 25. Let c(n) = 103*n**2 - 17*n - 26. Let g(p) = 3*c(p) + 2*t(p). List the prime factors of g(-2).
2, 3, 23
Suppose 13*v + 27*v = 0. What are the prime factors of 1271/3 + v - (-232)/(-348)?
3, 47
Let f(g) = -5787*g - 1637. What are the prime factors of f(-4)?
7, 439
Let q(h) = -h**2 - 4*h + 22. Let i be q(-7). Suppose -5*p - 202 = -2*x - 1732, 2*p + 3*x - 593 = 0. Suppose -3*v = i - p. List the prime factors of v.
101
Let r(o) = o**3 + 5*o**2 - 7*o - 4. Let y be r(3). Let q = 45 - y. What are the prime factors of (-2)/(-5) + (-1866)/(-10) - q?
3, 7
Let p(r) = 18*r**2 + r - 1. Let k be p(2). Let z = 660 - k. List the prime factors of z.
587
Let w(b) = -4730*b - 3996. What are the prime factors of w(-14)?
2, 3889
Let l = 13069 + -8771. What are the prime factors of l?
2, 7, 307
Let j(d) = d**3 - 9*d**2 - 2*d + 9. Let n be j(8). Let l = n - -54. Let p = l - -20. What are the prime factors of p?
3
Let p = -3 + 8. Suppose -948 = -p*y - 4*j + 706, -4*y + 1340 = -j. What are the prime factors of y?
2, 167
Let t = -117 - 336. Let v be ((-1)/(-5) - 68/(-10)) + (-272)/1. Let w = v - t. What are the prime factors of w?
2, 47
Suppose -63*m = -67*m - 4688. Let g = m - -1776. List the prime factors of g.
2, 151
Let x(n) = -35*n + 760. List the prime factors of x(4).
2, 5, 31
Suppose -490144 = 867*q - 935*q. What are the prime factors of q?
2, 17, 53
Suppose -4*u - 2*n - 2*n + 8892 = 0, -2*u = 5*n - 4449. List the prime factors of u.
2, 11, 101
Let z be (1 - -42)*1*(11 - 10). Suppose z*x = 7*x + 12024. What are the prime factors of x?
2, 167
Suppose 2*y - 6 = 0, 3*t + 5*y - 11 = 1. Let f be 26*(4/2 + t